Suppose 0 = 14*j - 23*j - 12 - 42. What is x(j)?
-5
Let l(j) = -11*j**2 + 81*j - 17. Let a be l(7). Let o(v) = -v**3 + 10*v**2 + 15*v - 8. Determine o(a).
36
Let c(r) be the second derivative of r**5/20 - r**4/12 - r**3/2 - r**2/2 + 1768*r. Calculate c(-1).
0
Let z(v) = 2*v - 13. Let x(o) = -o**3 + 14*o**2 + 7*o - 81. Let j be x(14). Suppose 0 = -4*y + 4*i - 16, j*i = 21*i - 16. Calculate z(y).
-13
Let z(h) = -9*h**2 - 1. Let l be (8/(-5))/((-10)/25). Let s be l/10*495/18. Let y = s - 12. Give z(y).
-10
Let z(b) = -b**3 - 7*b**2 + 6*b + 2. Let r(t) = -3 - 65*t + t**3 + 60*t - t**2 + 8*t**2. Let q(p) = -4*r(p) - 3*z(p). Let w = 2 + -9. Calculate q(w).
-8
Let h(z) be the first derivative of 3*z**3 + z**2/2 + z + 6302. What is h(-4)?
141
Let s(a) = -a**3 - 17*a**2 - 2*a - 27. Let d be s(-17). Suppose 10*w - 51 = -d*w. Let o(p) = -p**3 + 3*p**2 - p - 2. What is o(w)?
-5
Suppose 438*k = 429*k. Let i be (-7)/(-14) - (-1)/2. Let u(j) = -i - j + 1 + 0 - j**2 + 4. What is u(k)?
4
Let x(t) = t**3 + 9*t**2 + 9*t + 2. Suppose -26*n = -28*n - 42. Let h(s) = s**2 + 18*s - 71. Let j be h(n). Determine x(j).
-6
Let m(r) = 2*r**2 - 29*r + 61. Suppose -49*j = -45*j - 2*d - 56, 0 = 2*j + d - 16. Give m(j).
-16
Let l(x) = 10*x**2 + x. Let c(f) = -4*f + 4. Let b be c(6). Let q = -17 - b. Suppose -12 = -q*m - 0*g + 5*g, -3*g - 13 = 4*m. Give l(m).
9
Let s(p) = -15*p**2 - 17*p + 4. Let o be s(-2). Let y be ((-11)/o)/(-3 + (-123)/(-42)). Let v(b) = -b**2 - 8*b - 10. Calculate v(y).
-3
Let x = -117 - -141. Suppose x + 0 = 3*q. Let s(m) = -m**2 + 6*m + 10. Calculate s(q).
-6
Let x(q) = q**2 + 6*q + 7. Let t be (5/(15/2))/(480/180)*0. Determine x(t).
7
Let o(y) be the second derivative of 2*y - 1/60*y**5 + 0 - y**2 - 1/3*y**3 + 1/24*y**4. Let c(h) be the first derivative of o(h). Calculate c(0).
-2
Let n = -1059 - -1066. Let i(b) = -b**2 - 7. Give i(n).
-56
Let g(b) = 18 + 39378*b - 5 - 39393*b - b**3 + 13*b**2. What is g(12)?
-23
Let z be -5 + 60/(-8)*28/(-70). Let k(j) = 6*j**2 + 7*j + 4. Determine k(z).
14
Let z(p) = -p**2 + 27*p - 23. Let j be z(20). Let l = -111 + j. Let v(c) = c**2 + 8*c - 2*c**2 - 4*c. What is v(l)?
-12
Let o(h) = h**3 - 21*h**2 + 17*h + 48. Let u be (33 - 2632/84)*(13 + -1). Give o(u).
-12
Let h(w) = -w**3 + 1. Let f(r) = -7*r**3 + 6*r**2 - 6*r + 17. Let o(d) = f(d) - 6*h(d). Give o(5).
6
Let l(f) = -5*f - 13. Let i(s) = -2*s**2 + 92*s + 188. Let o be i(48). Determine l(o).
7
Let q(j) = 146*j + 1607. Let b be q(-11). Let x(t) = -12*t**3 + 3*t**2 - 14*t + 13. Calculate x(b).
-10
Let w(x) = -2*x - 97 + 33 + 30 - x + 28. Determine w(1).
-9
Let i = -1127 + 1129. Let p(g) = -4*g**2 + 3*g + 3. What is p(i)?
-7
Let l(v) = v**3 - 7*v**2 - 8*v - 5. Suppose 0 = 8*y - 3*y + 20. Let j(d) = 4*d**2 + 11*d - 12. Let u be j(y). Give l(u).
-5
Let p(m) be the first derivative of -2*m**3/3 - 5*m**2 - 12*m + 247817. Suppose -5*q - v - 52 = -14, v + 22 = -3*q. Give p(q).
-60
Let x = -4 - -7. Let z(u) = -u**2 + 8*u - 8. Let g(r) be the second derivative of r**3/6 - r**2/2 - 25*r. Let m(w) = 6*g(w) - z(w). What is m(x)?
5
Let m(n) = 83*n**3 - 9*n**2 + 7*n - 2. Let l(q) = -187*q**3 + 19*q**2 - 15*q + 4. Let a(w) = -4*l(w) - 9*m(w). Give a(-6).
-16
Let o = -82 - -81. Let c(k) = k**3 - 6*k**2 - 11*k + 1. Let j(w) = 2*w. Let r(u) = o*c(u) - 2*j(u). Calculate r(7).
-1
Let s(n) = 3*n + 2. Let a be (9/(-27))/((-2)/(-42)). Let k(x) = 7 + 11*x + x + 3*x - 5*x. Let j(p) = a*s(p) + 2*k(p). Determine j(5).
-5
Let b be (15 - (20 - 12)) + -6. Let f(x) = 5*x**3 - x**2 + 3*x - 1. Give f(b).
6
Let t(g) = 10*g**3 - 4*g + 3. Suppose 5 - 36 = m + 4*i, -2*m - 3*i = 22. Calculate t(m).
9
Let s(m) = m + 3. Let b = 149 - 145. Suppose y - b*v + 0*v - 8 = 0, 20 = -5*y + 5*v. Calculate s(y).
-5
Let f = -239 - -244. Let z(v) = -v - 5. Let x be z(-7). Let d(c) = -c**x + 7 - 3 + f*c - 7. Give d(5).
-3
Let f(h) = -h**3 + 12*h**2 + 9*h - 22. Let u = -5412 + 5424. What is f(u)?
86
Let u(x) be the first derivative of x**3 - 2*x**2 - 6*x + 611. Determine u(-2).
14
Let r(o) = o**2 - 13*o + 2. Let c be 6/(-12) + 102/12. Let v be (c/16)/((-4)/(-104)). Give r(v).
2
Let z(q) be the first derivative of q**6/120 - 2*q**5/15 + 3*q**4/8 - 5*q**3/6 + 28*q**2 + 30. Let p(y) be the second derivative of z(y). Calculate p(7).
9
Let l(y) be the first derivative of -y**3/3 - 2*y**2 - 26*y + 6. Let k(c) be the first derivative of l(c). Suppose 5*w + 3*r - r + 17 = 0, -2*r = 2. Give k(w).
2
Let s(t) = -3*t + 0*t + 173 - 55 - 52 - 59. Suppose -4*y - 14 = -2*f, -f + 48 = 4*f + 3*y. Determine s(f).
-20
Let n(f) = 3*f**2 + 26*f - 9. Suppose -6*r + 3*r = 5*x - 6, 0 = -x + 3*r + 12. Let s(t) = t**2 + 9*t - 3. Let v(b) = x*n(b) - 8*s(b). Determine v(-5).
-8
Let j be (48 - 14 - 33) + 2*-1*-8. Let i(f) be the third derivative of -f**4/24 + 7*f**3/3 - f**2. Give i(j).
-3
Let z be (-17 - -14)/((-2)/4). Let i(j) = -j**2 + 22*j - 85. Let k be i(z). Let c(f) = -f + 21. Calculate c(k).
10
Let b(h) = 7*h**2 + 24*h - 7. Let q(l) = 14*l**2 + 46*l - 18. Let r(s) = 5*b(s) - 3*q(s). Calculate r(1).
-6
Let n(f) = -7*f - 44. Suppose d - 5*p - 34 = 0, -4*p + 7 = d - 6*p. What is n(d)?
33
Let h(d) = -2*d + 5. Let i(s) = s - 2. Suppose 9*m = 6*m - 21. Let n(c) = m*i(c) - 4*h(c). What is n(-8)?
-14
Let q(b) = -57*b - 3819. Let s be q(-67). Let m(x) = 7*x - 3*x - 9 - 2*x. Calculate m(s).
-9
Let w = -30 - -86. Let h be (6 - 120/(-2)) + -5. Let j = w - h. Let o(q) = -q**3 - 6*q**2 - q - 3. Give o(j).
-23
Let h(r) = 10*r + 13. Let y(a) = 7*a + 9. Let c(b) = 5*h(b) - 7*y(b). Suppose 2*q + 20 = -2*q + 2*z, 0 = q - z + 7. Determine c(q).
-1
Let w(f) = 4*f**3 - 3*f**2 - f - 13. Let p(v) = -5*v**3 + 2*v**2 + 12. Let d(y) = 3*p(y) + 4*w(y). Suppose -5*n + 23 = -12. Determine d(n).
5
Let f(k) = 2*k**2 - 3*k - 1. Suppose -5 = -3*l + w, -l = 3*w - 5 - 0. Suppose -170 = 3*q - l*s, 5*s = -5*q - 85 - 190. Let n be (-126)/q*4/3. Determine f(n).
8
Let d(v) = -5*v**2 + 36*v - 20. Let o(h) = -h**2 + 5*h + 1. Let x(j) = -d(j) + 4*o(j). Determine x(14).
-4
Let w(n) = n**3 + 6*n**2 - 10*n - 41. Let u(b) = -5*b**2 + 96*b - 25. Let g be u(19). Calculate w(g).
19
Let i(a) = -21 + 148*a**2 + 1 + 6*a - 147*a**2 - 4*a + 6*a. What is i(-9)?
-11
Suppose 126*g - 5015 = 125*g. Let c(f) = 10 - 3*f - 5019*f**2 + g*f**2 + f**3 - f. What is c(4)?
-6
Let s(u) = -20*u**2 - 16*u + 8. Let m(w) = -2*w**2 - w + 1. Let j(i) = 12*m(i) - s(i). Determine j(-2).
-20
Let q be ((-12)/66 - (-672)/(-55)) + (-78)/130. Let l(a) = -a**2 - 17*a + 12. Determine l(q).
64
Suppose 200 = 544*i - 524*i. Let j(p) = 9*p - 94. Calculate j(i).
-4
Let k(o) be the third derivative of o**4/12 + 15*o**3/2 - 3691*o**2. Calculate k(-16).
13
Let x(f) = -32 - f + 28 + 4*f. Let h(r) = r**2 + 6*r + 9. Let o(z) = -z**2 - 7*z - 10. Let u(n) = -2*h(n) - 3*o(n). Let t be u(-8). Calculate x(t).
8
Let g(f) be the second derivative of f**5/10 + 14*f**4/3 + 53*f**3/6 - 33*f**2/2 + 195*f. Let s be g(-27). Let z(o) = o - 8. Determine z(s).
-14
Let w(q) be the third derivative of -3*q**5/20 - q**4/6 + 5*q**3/3 + 12*q**2 - q - 9. Determine w(2).
-34
Let a(s) = -s**3 + 10*s - 1. Let m be a(3). Let f(j) = -6*j - m*j + 1143*j**2 - 4 - 574*j**2 - 568*j**2. Give f(11).
29
Let g(b) = -17*b - 11. Suppose -19*t + 14*t = -4*u, 1 = u + 1. What is g(t)?
-11
Let t = 150 - 35. Suppose 0 = 9*z - t - 56. Let i = z + -15. Let a(j) = j**2 - 3*j + 2. Determine a(i).
6
Let j be ((-68)/(-20) - 3)*5*-1. Let b(g) = -2*g - 99 + 46 + 54. Give b(j).
5
Suppose 0 = -0*u - 5*u + 5*k + 430, -u + 76 = -3*k. Let z be 52/7 - 39/u. Let w(h) = -92*h - 4 + 1 + 1 + h**2 + 85*h. Determine w(z).
-2
Let b be 0/(3 + 0/(-1)). Let g = -388 - -388. Let k(o) = 4*o + 84 - o**2 - o**3 + g*o**3 - 93 - 3*o. Determine k(b).
-9
Let h(t) be the second derivative of -2*t**2 + 3*t - 2 - 1/12*t**4 + 1/6*t**3. What is h(6)?
-34
Let c(a) = 2*a + 7. Let o be 40/16*16/10. Let d be (1/(-2))/(o/(-32)*2). Suppose -3*v = -5*b - 38, -b = -3*v + d*v + 8. What is c(b)?
-7
Let i(r) = -3*r - 2. Let a(f) = f**2 + 11*f - 28. Let k be a(-12). Let n(y) = y**3 + 15*y**2 - 17*y - 20. Let t be n(k). What is i(t)?
10
Let t(b) be the second derivative of -1/2*b**3 + 8*b - 9/2*b**2 - 4. Suppose -c + 4*j - 10 = 0, -4*j - 20 = c + 3*c. Determine t(c).
9
Let o(a) = -367 + 12*a - 16*a**2 + 11*a**3 + 406 - 1